 the prime factors of m(-6)?
3, 59
Suppose 4*r = 0, 12*a = 14*a - r - 77266. List the prime factors of a.
7, 5519
Suppose 0 = -f + q + 94866, -2*f - f + 284600 = -4*q. What are the prime factors of f?
2, 7, 11
Suppose 4*a = 9*a - 4*g - 4394, 2639 = 3*a - 5*g. Suppose -6*r + 7*r = -3*x + 431, 0 = 2*r - 2*x - a. List the prime factors of r.
19, 23
Suppose -5*k + 4*r = -14 + 24, 5*k + 3*r = 25. Suppose k*y - y - 2*l = 1771, 4*l - 5343 = -3*y. What are the prime factors of y?
1777
List the prime factors of 6/7*(-84133)/(-21).
2, 17, 101
Let h = 212 - -87. Suppose 167 = 2*b - h. List the prime factors of b.
233
Suppose v - 8 = -7. Suppose -n - v = 5*j - 6, -4*n + j = -20. Suppose n*y - 216 - 43 = -2*r, -4*r + 483 = 3*y. What are the prime factors of r?
3, 13
Suppose 59*u - 200082 = 113736 + 69977. List the prime factors of u.
5, 1301
Suppose 4*y - y + 2*c - 46022 = 0, 4*y + 3*c - 61363 = 0. What are the prime factors of (-12)/20 - y/(-25)?
613
Suppose 205*z + 267455 = 73*z + 1096283. What are the prime factors of z?
3, 7, 13, 23
Let j(p) = p**2 - p. Let q(n) = 169*n**2 - 6*n + 7. Let m(w) = -4*j(w) + q(w). What are the prime factors of m(2)?
3, 13, 17
Let k(g) = 32*g**3 + 4*g**2 - 5. Let i be k(6). Suppose 0 = 11*m - 0*m - i. What are the prime factors of m?
641
Let k be 32/4 - 1/((-1)/(-4)). Suppose -58 = 2*g - k*o, 103 = -4*g + o - 6*o. What are the prime factors of 0 - (-2)/(-3)*g/2?
3
Let r be ((-60)/60)/(1/2394). Let i = r - -3630. List the prime factors of i.
2, 3, 103
Suppose -18*s = -15*s. Suppose s = 4*v - 12 + 16. List the prime factors of v/((-1508)/376 - -4).
2, 47
Let g(l) = 472*l**2 + 18*l + 31. List the prime factors of g(-2).
7, 269
Let m = 3960 - -7859. List the prime factors of m.
53, 223
What are the prime factors of -16*(-8 + (-490)/56)?
2, 67
Let b = 484 + -512. Let w(z) = z**2 + 7*z - 88. List the prime factors of w(b).
2, 5
Suppose -12*h = -4417 - 10583. What are the prime factors of h?
2, 5
Let h = 1145 + -881. List the prime factors of h.
2, 3, 11
Let r = -5 - -9. Suppose 2*g = d + 5, g + 0*g - r = -d. Suppose 0*m = -g*m + 4*t + 133, 0 = 5*m - t - 199. What are the prime factors of m?
3, 13
Let c(s) = -3*s**3 + 45*s**2 + 30*s + 40. Let z be c(15). Let r = 1717 - z. List the prime factors of r.
3, 409
Let g(z) = -7*z - 7*z + 26*z + 26 - 11*z. Let q be g(-20). Let h(t) = 3*t + 11. List the prime factors of h(q).
29
Let n = -23 + 26. Suppose -l + 21 = 3*x + n*l, -2*x = 4*l - 18. Suppose x*q - 57 = -0. List the prime factors of q.
19
Suppose -34*u - 43421 = -218045. List the prime factors of u.
2, 3, 107
Suppose -3*m = -2*u + 18101, 141*u + 9040 = 142*u + 2*m. List the prime factors of u.
2, 4523
Suppose -2*w = -17*g + 21*g - 24298, 2*w - 6070 = -g. List the prime factors of g.
2, 7, 31
Let g = -11657 - -24628. List the prime factors of g.
7, 17, 109
Let d = -11450 + 18271. List the prime factors of d.
19, 359
Suppose 11*f + 4057 = 12186. List the prime factors of (19 + f)/(2/3).
3, 379
Suppose b + 479 = 3379. List the prime factors of b.
2, 5, 29
Let h(x) = -x**2 - 14*x - 35. Let r be h(-11). List the prime factors of 104/26 - (-195 + r).
3, 67
Suppose -4*h + 1680 = -3*u + 8*u, -322 = -u + 2*h. List the prime factors of u.
2, 83
Let b(c) = 155*c**3 + c**2 + 7*c - 51. What are the prime factors of b(3)?
2, 3, 347
Let d(f) = 20*f - 16. Let c be d(2). Let t = c - -333. List the prime factors of t.
3, 7, 17
Let k(i) = -2*i**2 - 26*i + 177. Let c be k(16). Let n = 1429 + c. What are the prime factors of n?
2, 3, 113
Let a be ((-1)/2*11)/((-16)/32). Suppose -35 = -a*i + 20. Suppose 5*q + 3*s - 46 = 232, -302 = -i*q + 3*s. What are the prime factors of q?
2, 29
Suppose 868*r - 70912 = 863*r + 2*a, -2*r - 4*a = -28336. What are the prime factors of r?
2, 5, 709
Suppose 3*g + 30441 = 8*g - z, 6093 = g + z. What are the prime factors of g?
6089
Let r(q) = -q**3 - 2*q**2 - 3*q - 2. Let p be r(-2). Let c be p/6*(-6)/(-2). Suppose -c*f + 13 = -137. List the prime factors of f.
3, 5
Let v(k) = 4*k**2 + k - 26. Suppose 3*l + 93 - 60 = 0. What are the prime factors of v(l)?
3, 149
Let d = 93 + 10295. What are the prime factors of d?
2, 7, 53
Suppose q - 373 = 5*o + 37, -4*q = -4*o - 1640. Let f be 1/(-4) - (-42)/8. Suppose f*d - 10*d + q = 0. List the prime factors of d.
2, 41
Suppose -4*s - 1950 = -9*s. Suppose -x + s = 2*z - 0*z, 5*z - 962 = 4*x. Suppose -5*y = -4*h - 199, 0 = 5*y - 0*y + h - z. What are the prime factors of y?
3, 13
Let p(m) be the first derivative of 3*m**2/2 + 11*m - 4. Let j be (2/(-5))/((-5)/75). What are the prime factors of p(j)?
29
Let w = 26024 - 12533. What are the prime factors of w?
3, 1499
Suppose 0 = 3*h - p - 516, -4*h + 492 = -h - 5*p. What are the prime factors of h?
2, 3, 29
Suppose t = w + 3 + 2, -5*w - 22 = -4*t. Suppose -356 = -t*r + x - 76, 385 = 4*r + x. List the prime factors of r.
5, 19
Let m(y) be the first derivative of 2*y**3/3 - 2*y**2 - y - 3. Let n be m(4). Suppose 144 = n*w - 11*w. What are the prime factors of w?
2, 3
Let a = 5043 + -3439. List the prime factors of a.
2, 401
Suppose 4*y = 2*j + y + 1957, -y = 4*j + 3921. List the prime factors of (0 + 270/21)/((-14)/j).
2, 3, 5
Let k(g) = -18*g - 229. Let r(o) = -6*o - 76. Let i(x) = -2*k(x) + 7*r(x). What are the prime factors of i(-22)?
2, 29
Let h(z) = 4*z + 7850. What are the prime factors of h(145)?
2, 3, 5, 281
Suppose -2*j + j = -35. Suppose 3*z = -59 + j. Let g(q) = q**3 + 8*q**2 - 11*q - 4. List the prime factors of g(z).
2, 3, 7
Suppose 0 = 2*l + 48 + 108. Suppose 6*k - 113 = 43. What are the prime factors of l/k*(-61)/3?
61
What are the prime factors of -9 + 5*167949/270*6?
2, 4663
Let i = -5055 - -8668. What are the prime factors of i?
3613
Let d be 67/(6/(-570)*-5) - -3. Suppose 34*w + d = 2*b + 37*w, -b = 2*w - 636. List the prime factors of b.
2, 7, 23
What are the prime factors of (-31)/(-31)*1*3557 + 1?
2, 3, 593
Suppose 1 = -3*o + 4*i + 15, -4 = o + 3*i. Let y be o/3*(-186)/4. Let d = y + 43. What are the prime factors of d?
2, 3
Let p = 4018 - 1185. What are the prime factors of p?
2833
Let t(c) = c**2 + 10*c + 26. Let f = -43 + 32. Let z be t(f). Let h = z + -27. List the prime factors of h.
2, 5
Let q be 6 - (-3)/((-15)/20). Suppose q*l + 5 + 3 = 4*y, 3*y - 7 = l. What are the prime factors of (y + 28)/(-5 - -6)?
31
Let x(g) be the second derivative of g**4/3 - 2*g**3/3 - g**2 + 4*g - 175. Let t(z) = -2*z**2 - 3*z - 1. Let k be t(-2). What are the prime factors of x(k)?
2, 23
Let w(x) = 3*x**2 - 4*x + 12. Let l be w(8). Let z = l - 118. Let a = -20 + z. List the prime factors of a.
2, 17
Let k = -5543 + 15085. List the prime factors of k.
2, 13, 367
List the prime factors of ((-342)/1197)/(4/(-891422)).
41, 1553
Suppose -6570 = -5*y - 5*k, -2*y - 4*k - 370 + 3002 = 0. Suppose 5*j - j + y = 0. Let l = -207 - j. List the prime factors of l.
11
Let a = 579 + -1157. Let d = 852 + a. Suppose 2*z = d - 62. List the prime factors of z.
2, 53
Let o = 94323 + -64049. List the prime factors of o.
2, 15137
What are the prime factors of (1 - (-15441)/(-21))*(-1 - 6)?
2, 5, 257
Suppose 18*p - 10*p + 48 = 0. What are the prime factors of ((-14)/p + -1)*(-555)/(-2)?
2, 5, 37
Let z(f) = -2*f - 17. Suppose l - 1 = -10. Let j be z(l). List the prime factors of (0/(j + -3) - -1)*160.
2, 5
Let i = 251 - 57. Let a = i - 130. Let v = a + -38. List the prime factors of v.
2, 13
Suppose -9573804 = -565*b - 471089. What are the prime factors of b?
16111
List the prime factors of 1231 - (-18)/(-15)*((-38)/(-6) + -8).
3, 137
Let r be -53 + 20/(5 + 0). Let o = r + 126. List the prime factors of o.
7, 11
List the prime factors of (-1)/((-58531)/(-9757) + -6).
887
Let z = 26735 + 6518. List the prime factors of z.
11, 3023
Let l(f) be the second derivative of 1/2*f**3 - 3/2*f**2 - 23*f + 1/10*f**5 + 0 + 1/12*f**4. List the prime factors of l(4).
3, 17
Let d(y) = 64*y + 44. Let u be d(6). Suppose 4*h - u = 820. What are the prime factors of h?
2, 3, 13
Suppose 4*z - 192465 = a, -2*z + 123200 = -3*a + 26975. What are the prime factors of z?
3, 43, 373
Let p = -11122 + 17927. Suppose 0 = 7*g - p - 699. What are the prime factors of g?
2, 67
Let u = -27 - -30. Suppose -m + 2665 = 5*v, -590 = -u*v - 2*m + 1016. Suppose v = 7*d + 42. What are the prim